{"id":114,"date":"2016-02-16T15:04:24","date_gmt":"2016-02-16T14:04:24","guid":{"rendered":"http:\/\/demo.athemes.com\/astrid\/?page_id=114"},"modified":"2017-07-09T15:40:43","modified_gmt":"2017-07-09T13:40:43","slug":"business-und-marketing-intelligence","status":"publish","type":"page","link":"https:\/\/www.techchild.at\/marketing-intellichance\/business-und-marketing-intelligence\/","title":{"rendered":"Business &#038; Marketing Intelligence"},"content":{"rendered":"<p>Wir unterst\u00fctzen bei Sammlung, Analyse und Darstellung von komplexen Daten.<!--more--><\/p>\n<h2>Beratung &amp; Planung<\/h2>\n<ul>\n<li><img decoding=\"async\" class=\"alignright size-medium wp-image-919\" src=\"https:\/\/www.techchild.at\/marketing-intellichance\/wp-content\/uploads\/sites\/2\/2016\/02\/business_marketing_intelligence-300x283.jpg\" alt=\"business_marketing_intelligence\" width=\"300\" height=\"283\" srcset=\"https:\/\/www.techchild.at\/marketing-intellichance\/wp-content\/uploads\/sites\/2\/2016\/02\/business_marketing_intelligence-300x283.jpg 300w, https:\/\/www.techchild.at\/marketing-intellichance\/wp-content\/uploads\/sites\/2\/2016\/02\/business_marketing_intelligence-768x725.jpg 768w, https:\/\/www.techchild.at\/marketing-intellichance\/wp-content\/uploads\/sites\/2\/2016\/02\/business_marketing_intelligence-1024x967.jpg 1024w, https:\/\/www.techchild.at\/marketing-intellichance\/wp-content\/uploads\/sites\/2\/2016\/02\/business_marketing_intelligence-700x661.jpg 700w, https:\/\/www.techchild.at\/marketing-intellichance\/wp-content\/uploads\/sites\/2\/2016\/02\/business_marketing_intelligence-520x491.jpg 520w, https:\/\/www.techchild.at\/marketing-intellichance\/wp-content\/uploads\/sites\/2\/2016\/02\/business_marketing_intelligence-360x340.jpg 360w, https:\/\/www.techchild.at\/marketing-intellichance\/wp-content\/uploads\/sites\/2\/2016\/02\/business_marketing_intelligence-250x236.jpg 250w, https:\/\/www.techchild.at\/marketing-intellichance\/wp-content\/uploads\/sites\/2\/2016\/02\/business_marketing_intelligence-100x94.jpg 100w, https:\/\/www.techchild.at\/marketing-intellichance\/wp-content\/uploads\/sites\/2\/2016\/02\/business_marketing_intelligence.jpg 1570w\" sizes=\"(max-width: 300px) 100vw, 300px\" \/>Beratung und Auswahl geeigneter Verfahren zur Sammlung, Analyse und Darstellung von komplexen Daten<\/li>\n<li>Aufzeigen von Einsparungspotentialen und Optimierungsm\u00f6glichkeiten anhand von Unternehmensdaten<\/li>\n<li>Beratung und Unterst\u00fctzung bei der Erstellung von Business Pl\u00e4nen<\/li>\n<li>Unterst\u00fctzung bei der Entwicklung von digitalen und disruptiven Gesch\u00e4ftsmodellen<\/li>\n<li>Beratung, Unterst\u00fctzung und Mitwirkung bei Business Development und New Business Vorhaben<\/li>\n<li>Beratung und Unterst\u00fctzung bei internen und externen Pitches, Erstellung von Pr\u00e4sentationen und Foliendesign<\/li>\n<li>Beratung bei der Suche nach gesch\u00e4ftlichen Partnerschaften und Allianzen<\/li>\n<li>Unterst\u00fctzung bei der Auswahl von Software L\u00f6sungen f\u00fcr Marketing, Vertrieb und Business Development<\/li>\n<\/ul>\n<h2>Umsetzung<\/h2>\n<ul>\n<li>Implementierung von Verfahren und Prozessen zur Sammlung und Auswertung von Daten<\/li>\n<li>Datenanalyse und Datenvisualisierung mit State-of-the-Art Technologien<\/li>\n<li>Optimierung von Marketing- und Kommunikationsma\u00dfnahmen anhand von Kennzahlen (KPI)<\/li>\n<li>Erstellen eines ma\u00dfgeschneiderten und datenbasierten Business Modells und Business Plans<\/li>\n<li>Entwicklung eines einzigartigen USP und Markenkerns<\/li>\n<li>Erstellung eines fundierten Business Model Canvas<\/li>\n<li>Implementierung von technologiebasierten Business Development Strukturen und Prozessen (z.B. CRM, Newsletter, Sales Funnel Automatisierung, Projektmanagement, Sales Team Kommunikation, etc.)<\/li>\n<\/ul>\n<h2>Analyse<\/h2>\n<ul>\n<li>Konkurrenzanalyse<\/li>\n<li>SWOT-Analyse<\/li>\n<li>Markt- und Kundenanalyse<\/li>\n<li>Analyse bestehender Prozesse und Verfahren<\/li>\n<li>Business Model Analyse und Iterationen<\/li>\n<\/ul>\n<p><strong>Zu Ihrem Vorteil:<\/strong> Analysieren Sie Ihre Daten und entwickeln Sie neue Gesch\u00e4ftsmodelle und Unternehmensbereiche mit Hilfe von neuen Technologien und Software. Wir verf\u00fcgen \u00fcber umfassende Kenntnisse der Start Up und Technologie Branche und haben selbst Erfahrung mit der Gr\u00fcndung und Skalierung von Unternehmen.<\/p>\n","protected":false},"excerpt":{"rendered":"<p>Wir unterst\u00fctzen bei Sammlung, Analyse und Darstellung von komplexen Daten.<\/p>\n","protected":false},"author":1,"featured_media":504,"parent":0,"menu_order":5,"comment_status":"closed","ping_status":"closed","template":"page-templates\/single-service.php","meta":{"footnotes":""},"_links":{"self":[{"href":"https:\/\/www.techchild.at\/marketing-intellichance\/wp-json\/wp\/v2\/pages\/114"}],"collection":[{"href":"https:\/\/www.techchild.at\/marketing-intellichance\/wp-json\/wp\/v2\/pages"}],"about":[{"href":"https:\/\/www.techchild.at\/marketing-intellichance\/wp-json\/wp\/v2\/types\/page"}],"author":[{"embeddable":true,"href":"https:\/\/www.techchild.at\/marketing-intellichance\/wp-json\/wp\/v2\/users\/1"}],"replies":[{"embeddable":true,"href":"https:\/\/www.techchild.at\/marketing-intellichance\/wp-json\/wp\/v2\/comments?post=114"}],"version-history":[{"count":24,"href":"https:\/\/www.techchild.at\/marketing-intellichance\/wp-json\/wp\/v2\/pages\/114\/revisions"}],"predecessor-version":[{"id":1288,"href":"https:\/\/www.techchild.at\/marketing-intellichance\/wp-json\/wp\/v2\/pages\/114\/revisions\/1288"}],"wp:featuredmedia":[{"embeddable":true,"href":"https:\/\/www.techchild.at\/marketing-intellichance\/wp-json\/wp\/v2\/media\/504"}],"wp:attachment":[{"href":"https:\/\/www.techchild.at\/marketing-intellichance\/wp-json\/wp\/v2\/media?parent=114"}],"curies":[{"name":"wp","href":"https:\/\/api.w.org\/{rel}","templated":true}]}}