{"id":481,"date":"2016-08-13T21:28:42","date_gmt":"2016-08-13T19:28:42","guid":{"rendered":"http:\/\/www.techchild.at\/marketing-intellichance\/?page_id=481"},"modified":"2016-12-12T21:54:33","modified_gmt":"2016-12-12T20:54:33","slug":"digitale-services","status":"publish","type":"page","link":"https:\/\/www.techchild.at\/marketing-intellichance\/digitale-services\/","title":{"rendered":"Digitale Services"},"content":{"rendered":"<p>Wir bieten digitale und analoge Agentur Leistungen.<!--more--><\/p>\n<ul>\n<li><img decoding=\"async\" class=\"alignright wp-image-921\" src=\"https:\/\/www.techchild.at\/marketing-intellichance\/wp-content\/uploads\/sites\/2\/2016\/02\/digitale_services.png\" alt=\"digitale_services\" width=\"300\" height=\"428\" srcset=\"https:\/\/www.techchild.at\/marketing-intellichance\/wp-content\/uploads\/sites\/2\/2016\/02\/digitale_services.png 473w, https:\/\/www.techchild.at\/marketing-intellichance\/wp-content\/uploads\/sites\/2\/2016\/02\/digitale_services-210x300.png 210w, https:\/\/www.techchild.at\/marketing-intellichance\/wp-content\/uploads\/sites\/2\/2016\/02\/digitale_services-360x514.png 360w, https:\/\/www.techchild.at\/marketing-intellichance\/wp-content\/uploads\/sites\/2\/2016\/02\/digitale_services-250x357.png 250w, https:\/\/www.techchild.at\/marketing-intellichance\/wp-content\/uploads\/sites\/2\/2016\/02\/digitale_services-100x143.png 100w\" sizes=\"(max-width: 300px) 100vw, 300px\" \/>Webseiten Planung, CMS Auswahl, Umsetzung, Implementierung, Einschulung<\/li>\n<li>Programmierung von Webseiten, Landing Pages, Kampagnenseiten<\/li>\n<li>Einrichtung von Social Media Kan\u00e4len<\/li>\n<li>Unternehmensauftritt in Social Media inkl. Implementierung von Content Management Tools zur einfachen Auslieferung von Inhalten<\/li>\n<li>Newsletter Software Auswahl, Implementierung Konfiguration und Einschulung<\/li>\n<li>Betreuung digitaler Werbekampagnen<\/li>\n<li>Suchmaschinen-Optimierung (SEO), Suchmaschinen-Marketing (SEM) und Suchmaschinen-Werbung (SEA)<\/li>\n<li>Google Services: AdWords, AdSense, Universal Analytics, My Business, Tag Manager, &#8230;<\/li>\n<li>Page Speed Optimierung<\/li>\n<li>A\/B Tests von Webseiten, Landing Pages und Newsletter-Mutationen<\/li>\n<li>Logo und Corporate Identity (CI) Definition, Gestaltung und Umsetzung<\/li>\n<li>Aufbau und Gestaltung von Unternehmenspr\u00e4sentationen und Unterlagen<\/li>\n<li>Tracking, Analyse und Monitoring Auswahl, Implementierung und Einschulung<\/li>\n<\/ul>\n<p><strong>Zu Ihrem Vorteil:<\/strong> Wir setzen die angebotenen Leistungen idealerweise selbst um. In einer komplexen Welt ist es aber nicht m\u00f6glich, f\u00fcr alle Services selbst Experte oder Spezialist zu sein. Daher greifen wir, wenn notwendig, bei manchen Services auf externe Spezialisten zur\u00fcck (bspw. Grafik und Design). Nat\u00fcrlich geschieht dies nur, unter vorheriger Ank\u00fcndigung und Ihrem Einverst\u00e4ndnis.<\/p>\n","protected":false},"excerpt":{"rendered":"<p>Wir bieten digitale und analoge Agentur Leistungen.<\/p>\n","protected":false},"author":1,"featured_media":510,"parent":0,"menu_order":11,"comment_status":"closed","ping_status":"closed","template":"page-templates\/single-service.php","meta":{"footnotes":""},"_links":{"self":[{"href":"https:\/\/www.techchild.at\/marketing-intellichance\/wp-json\/wp\/v2\/pages\/481"}],"collection":[{"href":"https:\/\/www.techchild.at\/marketing-intellichance\/wp-json\/wp\/v2\/pages"}],"about":[{"href":"https:\/\/www.techchild.at\/marketing-intellichance\/wp-json\/wp\/v2\/types\/page"}],"author":[{"embeddable":true,"href":"https:\/\/www.techchild.at\/marketing-intellichance\/wp-json\/wp\/v2\/users\/1"}],"replies":[{"embeddable":true,"href":"https:\/\/www.techchild.at\/marketing-intellichance\/wp-json\/wp\/v2\/comments?post=481"}],"version-history":[{"count":11,"href":"https:\/\/www.techchild.at\/marketing-intellichance\/wp-json\/wp\/v2\/pages\/481\/revisions"}],"predecessor-version":[{"id":939,"href":"https:\/\/www.techchild.at\/marketing-intellichance\/wp-json\/wp\/v2\/pages\/481\/revisions\/939"}],"wp:featuredmedia":[{"embeddable":true,"href":"https:\/\/www.techchild.at\/marketing-intellichance\/wp-json\/wp\/v2\/media\/510"}],"wp:attachment":[{"href":"https:\/\/www.techchild.at\/marketing-intellichance\/wp-json\/wp\/v2\/media?parent=481"}],"curies":[{"name":"wp","href":"https:\/\/api.w.org\/{rel}","templated":true}]}}